Let x(p) be the second derivative of 2*p**3/3 + 9*p**2/2 + 2*p - 38. What is x(-6)?
-15
Let o(l) = l**2 - 5*l + 4. Let m(b) = -b**3 - 16*b**2 - 28*b - 8. Let i be m(-14). Let t(x) = x + 13. Let w be t(i). Calculate o(w).
4
Let l(w) = -w + 16. Let v be l(11). Let a(z) = -12*z**2 + 2*z - 7*z**2 + v + 5*z + 20*z**2. Determine a(-6).
-1
Let u(a) = -1 - 3 + 5*a - 2. Suppose 73 = -32*r + 83 + 118. What is u(r)?
14
Suppose 0 = 7*j - j - 78. Let l(p) = p**2 + 19*p - 5 + 18*p + j*p - 49*p. Calculate l(0).
-5
Let u(x) = -x**3 - 4*x**2 - 6*x + 4. Let h be u(-3). Suppose h = 2*b + 1. Let i(p) = 20 - b*p - 2*p - 9 + 9*p. Determine i(-6).
5
Let a(m) = -3*m - 23. Let o be 0 + 75/(-12) - (-3)/(-4). Determine a(o).
-2
Let b(d) = 9*d + 0 + 0 + 0*d**2 - d**2 + 2*d**2. Calculate b(-9).
0
Let o(c) = -c**3 + c**2 - c - 10. Let f(r) = r**3 - 5*r**2 - 9*r + 7. Let y be f(6). Let k = y + 11. Calculate o(k).
-10
Let y(i) = 3 + 1 + 3*i - 7*i - 6. Let k be (-36)/8 + (-24)/(-16). Determine y(k).
10
Suppose -14*o = -19*o. Let i(k) be the second derivative of 5*k + o + 4*k**2 + 1/2*k**3. What is i(-6)?
-10
Let q(k) = 160*k - 317*k + 160*k + 3 - 2*k**2. Determine q(3).
-6
Let n(g) be the third derivative of g**6/720 + g**5/15 - 3*g**4/4 + 13*g**2 + 1. Let v(j) be the second derivative of n(j). Calculate v(-7).
1
Let f(i) = 49 - 11*i + i**3 - 77 - 4*i**2 + 23. Calculate f(6).
1
Let i(m) = -3*m**3 - 12*m**2 - 7*m - 4. Suppose -15*q + 5 = -14*q. Let o(k) = -2*k**3 - 8*k**2 - 5*k - 3. Let r(b) = q*i(b) - 8*o(b). Determine r(-3).
-2
Let g(b) = 3*b + 54. Let c be g(-18). Let k(v) = -v**3 - v**2 - v + 17. Give k(c).
17
Let r be -4 + (-23 - 4) + -4. Let w = 54 + r. Let n(a) = -11 - 2*a + w - 7. Determine n(-2).
5
Suppose 4 = -o - 0, -y = -2*o - 12. Let j(c) = -c + 2. Determine j(y).
-2
Let w(t) = -2*t**3 + 3*t**2 + 2*t - 4. Let o(i) = 5*i**3 - 9*i**2 - 6*i + 11. Suppose 3*x - 33 = -9. Let s(d) = x*w(d) + 3*o(d). What is s(-3)?
7
Suppose 5*n - 2*z = -52, -z = 5*n - n + 39. Let a = n - -5. Let s(p) = -7*p - 27 + 21 + 4*p**2 + p**3 + p. What is s(a)?
-1
Let u(n) = n - 3. Suppose 129*w - 131*w = -10. Calculate u(w).
2
Let y(b) be the third derivative of -b**4/6 + 7*b**3/6 + 19*b**2 - b. Give y(-5).
27
Suppose -8*r + 3*x = -7*r - 18, 4*r - 7 = -x. Let v(p) = 1 + 5*p**2 - 6*p + 4*p - p**3 - 4. Calculate v(r).
9
Let l(v) = -5*v + 17. Let o(d) = -d. Let k(a) = -l(a) + 7*o(a). Determine k(-11).
5
Let o(x) = -4 + x**2 + 0*x**2 + 3*x**2 - 5*x**2 - x. Suppose -3*q - 11 - 1 = 0. Give o(q).
-16
Let w(f) = 25*f. Let r be (-132)/144 - (-2)/(-24). What is w(r)?
-25
Let d(y) = -y**3 + 6*y**2 - 6*y + 3. Suppose -6*s + s = -105. Suppose -3*v = 3*a - s, 2*v + 3*a - 31 = -3*v. What is d(v)?
-2
Let r(b) = 6*b + 0 - 2 + 0 - 7*b. Let w(l) = l + 1. Let s(g) = 3*r(g) + 4*w(g). Calculate s(5).
3
Let q(y) = -2*y + 1. Let h(f) = 1. Let v(r) = 2*h(r) - q(r). What is v(6)?
13
Suppose -13 = -4*b - 4*s - 5, 5*s = -4*b + 6. Let y(d) = -10*d + 30. Determine y(b).
-10
Let j = 132 - 126. Let l(a) = j - 6 + 0*a + a. Determine l(-6).
-6
Let r(s) = 43*s - 21*s - 34*s + 2. Give r(2).
-22
Let m(a) be the first derivative of -2*a**2 + 2*a - 66. Determine m(4).
-14
Let s(b) = -b**2 + b - 19. Suppose -32*m = -25*m. What is s(m)?
-19
Let h(u) = -u**2 - u + 4. Let j be 2/(-4) + (-5)/(-10). Give h(j).
4
Let d(w) = -w**2 + 6*w + 2. Let m(n) = -7*n**2 + 24*n + 18. Let x(g) = 15*g**2 - 49*g - 35. Let b(z) = 13*m(z) + 6*x(z). Let h be b(19). Calculate d(h).
7
Let y(h) be the second derivative of 7*h**5/20 + h**4/3 + h**3/2 + h**2/2 + 320*h + 1. Give y(-2).
-45
Let y(i) = -i**3 + 6*i**2 - 7*i + 4. Suppose 0 = 5*w - 53 - 32. Suppose 0*m - 3*m = 5*j - w, 3*m = -j + 1. What is y(j)?
8
Let q = 0 + 3. Let h(o) = o**3 + o**q - 9 - o**3 - 6*o - 6*o**2. What is h(7)?
-2
Let g(p) = -2*p + 5. Let s be (2*(-3)/(-9))/((-14)/(-105)). What is g(s)?
-5
Let c(i) = -i**3 + 8*i**2 - 3*i - 2. Let j be 5/2 - 1/2. Let k(w) = -w**3 + 7*w**2 - 3*w - 1. Let s(r) = j*c(r) - 3*k(r). What is s(4)?
-5
Let h(v) = -v**3 - 5*v**2 + 2. Let i be (0 + -1)/(11 + -10). Let k(q) = 19*q**2 + 2*q + 1. Let a be k(i). Let d = a + -23. Give h(d).
2
Suppose 6*w - 29 - 7 = 0. Let f(o) = o**3 + 7*o + o**2 - w + o**2 - 7*o**2 - 2*o**2. What is f(6)?
0
Let m = -2875 - -2867. Let r(f) = -f**3 - 6*f**2 + 10*f - 3. Determine r(m).
45
Let z = 7 + -8. Let r(m) be the third derivative of m**4/4 + m**3/3 + 2*m**2. Let g be r(z). Let c(k) = k**2 + 4*k. What is c(g)?
0
Let o(l) = -l - 3. Let d(c) = c + 3. Let s(j) = -3*d(j) - 2*o(j). Let a = -10 - -13. Let w = -7 + a. Give s(w).
1
Let o = 4 - 3. Suppose -3*r + 293 = 4*j, -7*j + 485 = 5*r - 2*j. Let k(h) = r + 2*h**2 - 48 - 48. Determine k(o).
1
Let w(j) = j + 1. Let u(n) = 14*n - 3. Let q(r) = -u(r) - 5*w(r). Let s be q(-2). Let b(m) = 7*m - 3 - 30*m**2 + 10 + m**3 + s*m**2. What is b(-5)?
-3
Let h(s) be the third derivative of s**6/120 - s**4/12 + s**3/2 + s**2. Let d = -16744 - -16741. Give h(d).
-18
Let g = -25 - -28. Let j(r) = -r**2 + 3*r + 4. Determine j(g).
4
Suppose -3*r = -2*v + 2*r + 20, 15 = 5*v + 5*r. Suppose 2*n = s + 6, -n = -s + 4*s - 17. Let o(h) = 6*h - 6*h**2 - n*h**3 + 4*h**3 + 2*h**3 - 3. Give o(v).
2
Let m(x) = -x**3 + 2. Let g(u) = u**3 + 3*u**2 - 7*u - 2. Let z be g(-6). Let h be z/(-51)*(-6)/4. What is m(h)?
10
Let k(y) = -y**2 + 14*y - 31. Let o be k(3). Let b(t) = -7*t + 2. Give b(o).
-12
Suppose -n - 14 = -3*v, -v + 31 = v - 5*n. Let r(s) = 0*s + s**v + s - 4*s**2 + s - s + 3. Let h = -6 + 9. Give r(h).
-3
Let l be -1*(19/38)/(1/(-6)). Let y(v) = -v**3 + v**2 + 5*v - 4. Determine y(l).
-7
Let s(f) be the third derivative of -f**6/120 - 7*f**5/60 + 11*f**4/24 + 7*f**3/6 + 4*f**2 - 4*f. What is s(-8)?
-17
Let w(o) = o**2 + 7*o - 5. Let t be w(-7). Let q(z) = -880*z**2 - z + 879*z**2 + 5 - 4*z. Determine q(t).
5
Let n(x) = x**2 - 2*x + 4. Let p = 4 - -16. Let a = 24 - p. Calculate n(a).
12
Let s(z) = 4*z - 14. Let a = 312 - 306. Determine s(a).
10
Let d(s) be the first derivative of -s**4/2 + s**3 + s**2/2 - 2*s + 297. Determine d(-2).
24
Let o(n) = -n**3 + 10*n**2 + 9*n + 15. Let a = -146 - -157. Calculate o(a).
-7
Let f(s) be the third derivative of -s**5/60 + s**4/24 + 16*s**2. Calculate f(1).
0
Suppose 3*n + 2*l = 6*l - 10, 5*n - 26 = -4*l. Let z(m) = 2 + 2 - 5*m - 5 - n*m. Determine z(-3).
20
Let f = -17 - -15. Let v(j) = -4*j - 11. What is v(f)?
-3
Let m = -459 - -461. Let o(y) be the second derivative of -1/3*y**3 - 2*y + 7/2*y**m + 0. Calculate o(5).
-3
Let d(v) = -13*v**3 + 2*v**2 - 1 + 219*v - 219*v. Give d(1).
-12
Let z(g) = -g**2 + 5*g - 3. Suppose -12 = -93*t + 89*t. Calculate z(t).
3
Let y be ((-48)/120)/((6/20)/(-3)). Suppose y*g = -5*n + 20, -2*n + 3*g - 5*g + 8 = 0. Let l(i) be the third derivative of i**4/8 - 2*i**3/3 + i**2. Give l(n).
8
Let y(o) = 13*o - 2 - 7*o + 1 - 16. Give y(4).
7
Let r(a) = -85*a + 2 + 90*a + 10 - 8 + 2. Give r(-6).
-24
Let r(k) = k + 9. Let w be (1 - 3)*(-4)/8. Let c be -1 - (-1)/w - -2. Suppose -3*m = -c*m. Give r(m).
9
Suppose 0*b + b - 1 = -3*l, -2*l - 56 = -5*b. Let m(i) be the third derivative of i**5/60 - 11*i**4/24 + 13*i**3/6 - i**2. Calculate m(b).
3
Suppose 16*v - 2*v = 7*v. Let s(r) = 2*r + 27. Determine s(v).
27
Let p(j) = -2*j**3 - 2*j**2 - j - 1. Let f = -317 + 319. Calculate p(f).
-27
Let o(s) = -s**2 + 3*s - 3. Let f be ((-4)/(-5))/(2/10). Let t(a) = a**3 - 5*a - 1. Let y be t(-2). Suppose -g = -f + y. Determine o(g).
-3
Let a = -643 - -649. Let v(t) = -t**2 + 2*t + 23. Give v(a).
-1
Let t(f) = -45*f - 9. Let h(x) = -4*x - 1. Let j(p) = -6*h(p) + t(p). Calculate j(-1).
18
Let i(v) = v. Let x be i(1). Let n be (-6)/21 + (-69)/(-21). Let p(r) = -15*r - 2 + n + 4*r. What is p(x)?
-10
Let s(u) = u**2 - 6*u + 2. Let y = -10 + 16. Let m be s(y). Let z(v) = 1 - v + 2*v + v**m + 0. Give z(0).
1
Let m(k) be the third derivative of -k**6/120 + 2*k**5/15 - k**4/4 - 3*k**3/2 + 12*k**2. Suppose -3*i = -1 - 20. Give m(i).
-2
Let y(j) be the third derivative of 1/60*j**5 + 29*j**2 + 0 - 2/3*j**3 + 0*j + 1/4*j**4. What is y(-6)?
-4
Let c = 3 + -1. Suppose -4*n - 16 = -2*f, c*n + 11 = f - 3*n. Suppose 10 - f = 4*j. Let u(h) = 9*h. Give u(j).
9
Let i(k) = k**3 + 1. Let c = -2 - -6. Suppose -c*f - 6 - 6 = 0. Let j be f/(-2)*(-32)/24. Determine i(j).
-7
Let z(o) = -10*o**3 